{"id":6236,"date":"2025-12-15T09:49:51","date_gmt":"2025-12-15T07:49:51","guid":{"rendered":"http:\/\/epfl.local\/?post_type=product&#038;p=6236"},"modified":"2025-12-16T17:52:52","modified_gmt":"2025-12-16T15:52:52","slug":"eesti-pressifoto-2022","status":"publish","type":"product","link":"https:\/\/www.epfl.ee\/wordpress\/pood\/eesti-pressifoto-2022\/","title":{"rendered":"Eesti Pressifoto 2022"},"content":{"rendered":"<div style=\"position: relative; padding-top: max(60%,326px); height: 0; width: 100%;\"><iframe style=\"position: absolute; border: none; width: 100%; height: 100%; left: 0; right: 0; top: 0; bottom: 0;\" src=\"https:\/\/e.issuu.com\/embed.html?d=raamat_web_big&amp;u=eestipressifotograafideliit\" sandbox=\"allow-top-navigation allow-top-navigation-by-user-activation allow-downloads allow-scripts allow-same-origin allow-popups allow-modals allow-popups-to-escape-sandbox\" allowfullscreen=\"allowfullscreen\"><\/iframe><\/div>\n<p>2021. aasta parimad pressifotod kategooriates uudisfoto, olemusfoto, portreefoto ja spordifoto.<\/p>\n<p>Samuti \u00fclevaade 2021. aasta pressivideo konkursi t\u00f6\u00f6dest.<\/p>\n<p>Raamat on laost otsas, kuid seda saab \u00fcksikeksemplarina j\u00e4rele tellida.<\/p>\n","protected":false},"excerpt":{"rendered":"<p>2021. aasta parimad pressifotod kategooriates uudisfoto, olemusfoto, portreefoto ja spordifoto ning \u00fclevaade pressivideo konkursi t\u00f6\u00f6dest.<\/p>\n","protected":false},"featured_media":6314,"template":"","meta":{"_acf_changed":false},"product_brand":[],"product_cat":[62],"product_tag":[],"class_list":{"0":"post-6236","1":"product","2":"type-product","3":"status-publish","4":"has-post-thumbnail","6":"product_cat-raamat","8":"first","9":"onbackorder","10":"purchasable","11":"product-type-simple"},"acf":[],"jetpack_sharing_enabled":true,"_links":{"self":[{"href":"https:\/\/www.epfl.ee\/wordpress\/wp-json\/wp\/v2\/product\/6236","targetHints":{"allow":["GET"]}}],"collection":[{"href":"https:\/\/www.epfl.ee\/wordpress\/wp-json\/wp\/v2\/product"}],"about":[{"href":"https:\/\/www.epfl.ee\/wordpress\/wp-json\/wp\/v2\/types\/product"}],"wp:featuredmedia":[{"embeddable":true,"href":"https:\/\/www.epfl.ee\/wordpress\/wp-json\/wp\/v2\/media\/6314"}],"wp:attachment":[{"href":"https:\/\/www.epfl.ee\/wordpress\/wp-json\/wp\/v2\/media?parent=6236"}],"wp:term":[{"taxonomy":"product_brand","embeddable":true,"href":"https:\/\/www.epfl.ee\/wordpress\/wp-json\/wp\/v2\/product_brand?post=6236"},{"taxonomy":"product_cat","embeddable":true,"href":"https:\/\/www.epfl.ee\/wordpress\/wp-json\/wp\/v2\/product_cat?post=6236"},{"taxonomy":"product_tag","embeddable":true,"href":"https:\/\/www.epfl.ee\/wordpress\/wp-json\/wp\/v2\/product_tag?post=6236"}],"curies":[{"name":"wp","href":"https:\/\/api.w.org\/{rel}","templated":true}]}}