{"id":6228,"date":"2025-12-14T18:00:21","date_gmt":"2025-12-14T16:00:21","guid":{"rendered":"http:\/\/epfl.local\/?post_type=product&#038;p=6228"},"modified":"2025-12-16T18:03:44","modified_gmt":"2025-12-16T16:03:44","slug":"eesti-pressifoto-2017","status":"publish","type":"product","link":"https:\/\/www.epfl.ee\/wordpress\/pood\/eesti-pressifoto-2017\/","title":{"rendered":"Eesti Pressifoto 2017"},"content":{"rendered":"<p>J\u00e4\u00e4 vait ja tunneta. Andras Kralla intervjuu Mads Nisseniga<\/p>\n<p>Peatoimetajad pressifotost<\/p>\n<p>Sissejuhatus. Andras Kralla<\/p>\n<p>2016. aasta parimad pressifotod kategooriates: uudisfoto, olemusfoto, portreefoto, spordifoto.<\/p>\n<p>Poliitdraamat t\u00e4is lihtsate inimeste aasta. Meelis Mandel, 2016. aasta pressifoto konkursi \u017e\u00fcrii esimees, \u00c4rip\u00e4eva peatoimetaja<\/p>\n<p>Rohkem pilti, v\u00e4hem loba. Indrek Treufeldt, 2016. aasta pressivideo konkursi \u017e\u00fcrii esimees, ERR-i toimetaja ja saatejuht<\/p>\n<p>2016. aasta parimad pressivideod<\/p>\n<p>Eesti spordifoto pikkade s\u00e4riaegade kiuste. T\u00f5nis Liibek<\/p>\n<p>Mida \u00f5ppida Juhan Kuusilt? Birgit P\u00fcve<\/p>\n<p>Pildi v\u00f5im. Barvi Pilvre<\/p>\n","protected":false},"excerpt":{"rendered":"<p>2016. aasta parimad pressifotod ja videod ning p\u00f5nevad fototeemalised artiklid.<\/p>\n","protected":false},"featured_media":6320,"template":"","meta":{"_acf_changed":false},"product_brand":[],"product_cat":[62],"product_tag":[],"class_list":{"0":"post-6228","1":"product","2":"type-product","3":"status-publish","4":"has-post-thumbnail","6":"product_cat-raamat","8":"first","9":"instock","10":"purchasable","11":"product-type-simple"},"acf":[],"jetpack_sharing_enabled":true,"_links":{"self":[{"href":"https:\/\/www.epfl.ee\/wordpress\/wp-json\/wp\/v2\/product\/6228","targetHints":{"allow":["GET"]}}],"collection":[{"href":"https:\/\/www.epfl.ee\/wordpress\/wp-json\/wp\/v2\/product"}],"about":[{"href":"https:\/\/www.epfl.ee\/wordpress\/wp-json\/wp\/v2\/types\/product"}],"wp:featuredmedia":[{"embeddable":true,"href":"https:\/\/www.epfl.ee\/wordpress\/wp-json\/wp\/v2\/media\/6320"}],"wp:attachment":[{"href":"https:\/\/www.epfl.ee\/wordpress\/wp-json\/wp\/v2\/media?parent=6228"}],"wp:term":[{"taxonomy":"product_brand","embeddable":true,"href":"https:\/\/www.epfl.ee\/wordpress\/wp-json\/wp\/v2\/product_brand?post=6228"},{"taxonomy":"product_cat","embeddable":true,"href":"https:\/\/www.epfl.ee\/wordpress\/wp-json\/wp\/v2\/product_cat?post=6228"},{"taxonomy":"product_tag","embeddable":true,"href":"https:\/\/www.epfl.ee\/wordpress\/wp-json\/wp\/v2\/product_tag?post=6228"}],"curies":[{"name":"wp","href":"https:\/\/api.w.org\/{rel}","templated":true}]}}