{"id":6227,"date":"2025-12-14T17:50:57","date_gmt":"2025-12-14T15:50:57","guid":{"rendered":"http:\/\/epfl.local\/?post_type=product&#038;p=6227"},"modified":"2026-03-05T14:56:20","modified_gmt":"2026-03-05T12:56:20","slug":"eesti-pressifoto-2015","status":"publish","type":"product","link":"https:\/\/www.epfl.ee\/wordpress\/pood\/eesti-pressifoto-2015\/","title":{"rendered":"Eesti Pressifoto 2015"},"content":{"rendered":"<p>Intiimne s\u00f5da. Birgit P\u00fcve intervjuu Bryan Adamsiga<\/p>\n<p>Fotoreporterid Eestis enne Teist maailmas\u00f5da. T\u00f5nis Libek<\/p>\n<p>Sissejuhatus: Aeg leida iseennast. Andres Haabu, Birgit P\u00fcve<\/p>\n<p>K\u00f5ik 2014. aasta parimad pressifotod kategooriates: uudisfoto, olemusfoto, portreefoto ja spordifoto.<\/p>\n<p>Veel rohkem h\u00e4id fotosid. Mart Luik, 2014. aasta pressifoto \u017e\u00fcrii esimees<\/p>\n<p>Pressivideo konkursi parimad t\u00f6\u00f6d ja \u017e\u00fcrii esimehe Indrek Treufeldti kokkuv\u00f5te: Ootus kasvab<\/p>\n<p>Fotojaht Raplamaa veerel. Andras Kralla<\/p>\n<p>Esimese Kalju Suure aastastipendiumi v\u00f5itis Karel Kravik<\/p>\n<p>Rahutu veri. Karel Kravik<\/p>\n","protected":false},"excerpt":{"rendered":"<p>2014. aasta pressifoto ja pressivideo konkursi parimad t\u00f6\u00f6d ja p\u00f5nevad artiklid<\/p>\n","protected":false},"featured_media":5744,"template":"","meta":{"_acf_changed":false},"product_brand":[],"product_cat":[62],"product_tag":[],"class_list":{"0":"post-6227","1":"product","2":"type-product","3":"status-publish","4":"has-post-thumbnail","6":"product_cat-raamat","8":"first","9":"instock","10":"purchasable","11":"product-type-simple"},"acf":[],"jetpack_sharing_enabled":true,"_links":{"self":[{"href":"https:\/\/www.epfl.ee\/wordpress\/wp-json\/wp\/v2\/product\/6227","targetHints":{"allow":["GET"]}}],"collection":[{"href":"https:\/\/www.epfl.ee\/wordpress\/wp-json\/wp\/v2\/product"}],"about":[{"href":"https:\/\/www.epfl.ee\/wordpress\/wp-json\/wp\/v2\/types\/product"}],"wp:featuredmedia":[{"embeddable":true,"href":"https:\/\/www.epfl.ee\/wordpress\/wp-json\/wp\/v2\/media\/5744"}],"wp:attachment":[{"href":"https:\/\/www.epfl.ee\/wordpress\/wp-json\/wp\/v2\/media?parent=6227"}],"wp:term":[{"taxonomy":"product_brand","embeddable":true,"href":"https:\/\/www.epfl.ee\/wordpress\/wp-json\/wp\/v2\/product_brand?post=6227"},{"taxonomy":"product_cat","embeddable":true,"href":"https:\/\/www.epfl.ee\/wordpress\/wp-json\/wp\/v2\/product_cat?post=6227"},{"taxonomy":"product_tag","embeddable":true,"href":"https:\/\/www.epfl.ee\/wordpress\/wp-json\/wp\/v2\/product_tag?post=6227"}],"curies":[{"name":"wp","href":"https:\/\/api.w.org\/{rel}","templated":true}]}}