{"id":6019,"date":"2025-12-08T09:12:09","date_gmt":"2025-12-08T07:12:09","guid":{"rendered":"http:\/\/epfl.local\/?post_type=product&#038;p=6019"},"modified":"2025-12-16T18:07:00","modified_gmt":"2025-12-16T16:07:00","slug":"eesti-pressifoto-2013","status":"publish","type":"product","link":"https:\/\/www.epfl.ee\/wordpress\/pood\/eesti-pressifoto-2013\/","title":{"rendered":"Eesti Pressifoto 2013"},"content":{"rendered":"<p>Hing, oskused ja m\u00f5istus. Birgit P\u00fcve intervjuu Andrei Polikanoviga<\/p>\n<p>Foto kui uurimus. Anneli Porri<\/p>\n<p>Ajaloolase T\u00f5nis Liibeki artikkel &#8220;Miks pildistati Tartu prostituute ehk politseifoto algusaegadest Eestis&#8221;<\/p>\n<p>Kas n\u00e4gu reedab kalduvuse kuritegevusele? Talis Bachmann<\/p>\n<p>Sissejuhatuse 2012. aasta parimatele pressifotodele teevad Erik Prozes ja Birgit P\u00fcve<\/p>\n<p>&#8220;Aga pommi nad plahvatama ei pannud&#8221; &#8211; Aasta Pressifoto 2012 \u017e\u00fcrii esimehe, Eesti P\u00e4evalehe ja Delfi peatoimetaja Urmo Soonvaldi kokkuv\u00f5te<\/p>\n<p>Erik Prozese intervjuu \u00fche enim kriisipiirkondi k\u00fclastanud Eesti ajakirjaniku Ivar Soopaniga: &#8220;S\u00f5jategevus v\u00f5ib olla igavalt \u00e4raootav&#8221;.<\/p>\n<p>Pehme k\u00f6ide, 250&#215;297 mm, 142 lk.<\/p>\n","protected":false},"excerpt":{"rendered":"<p>2012. aasta k\u00f5nekaimad pressifotod ja rikkaliku fotomaterjaliga artiklid.<\/p>\n","protected":false},"featured_media":6323,"template":"","meta":{"_acf_changed":false},"product_brand":[],"product_cat":[62],"product_tag":[63],"class_list":{"0":"post-6019","1":"product","2":"type-product","3":"status-publish","4":"has-post-thumbnail","6":"product_cat-raamat","7":"product_tag-aastaraamat","9":"first","10":"instock","11":"purchasable","12":"product-type-simple"},"acf":[],"jetpack_sharing_enabled":true,"_links":{"self":[{"href":"https:\/\/www.epfl.ee\/wordpress\/wp-json\/wp\/v2\/product\/6019","targetHints":{"allow":["GET"]}}],"collection":[{"href":"https:\/\/www.epfl.ee\/wordpress\/wp-json\/wp\/v2\/product"}],"about":[{"href":"https:\/\/www.epfl.ee\/wordpress\/wp-json\/wp\/v2\/types\/product"}],"wp:featuredmedia":[{"embeddable":true,"href":"https:\/\/www.epfl.ee\/wordpress\/wp-json\/wp\/v2\/media\/6323"}],"wp:attachment":[{"href":"https:\/\/www.epfl.ee\/wordpress\/wp-json\/wp\/v2\/media?parent=6019"}],"wp:term":[{"taxonomy":"product_brand","embeddable":true,"href":"https:\/\/www.epfl.ee\/wordpress\/wp-json\/wp\/v2\/product_brand?post=6019"},{"taxonomy":"product_cat","embeddable":true,"href":"https:\/\/www.epfl.ee\/wordpress\/wp-json\/wp\/v2\/product_cat?post=6019"},{"taxonomy":"product_tag","embeddable":true,"href":"https:\/\/www.epfl.ee\/wordpress\/wp-json\/wp\/v2\/product_tag?post=6019"}],"curies":[{"name":"wp","href":"https:\/\/api.w.org\/{rel}","templated":true}]}}