{"id":184,"date":"2010-08-18T21:02:50","date_gmt":"2010-08-18T18:02:50","guid":{"rendered":"http:\/\/epfl.local\/?page_id=184"},"modified":"2018-12-14T09:10:08","modified_gmt":"2018-12-14T07:10:08","slug":"eetikakoodeks","status":"publish","type":"page","link":"https:\/\/www.epfl.ee\/wordpress\/eetikakoodeks\/","title":{"rendered":"Eetikakoodeks"},"content":{"rendered":"<p><strong>Selgitus eetikakoodeksile.<\/strong><\/p>\n<p>Eesti Pressifotograafide Liit (EPFL) on kutseline \u00fching, mille eesm\u00e4rgiks on k\u00f5rgeimate standardite edendamine fotoajakirjanduses. EPFL l\u00e4htub ja huvitub iga inimese vajadusest olla teadlik \u00fchiskondlikest s\u00fcndmustest ning osa maailmast, milles me elame. Pressifotograafid tegutsevad \u00fchiskonna usaldusisikutena. Meie esmane roll on esitada visuaalselt meie \u00fchise maailma t\u00e4htsaid s\u00fcndmuseid ning erinevaid vaatepunkte. Meie esmane eesm\u00e4rk on t\u00f5etruu ja igak\u00fclgne teemak\u00e4sitlus. Pressifotograafidena on meil vastutus dokumenteerida \u00fchiskonnas toimuvat ning s\u00e4ilitada selle ajalugu l\u00e4bi fotode. Fotod v\u00f5ivad esile tuua silmapaistvaid t\u00f5desid, paljastada eba\u00f5iglust ja hooletust, inspireerida lootust ja arusaamist ning \u00fchendada inimesi l\u00e4bi visuaalse m\u00f5istmise keele. Fotod v\u00f5ivad aga ka p\u00f5hjustada olulist kahju, kui nad on kalgilt sissetungivad v\u00f5i manipuleeritud.<\/p>\n<p>Selle koodeksi eesm\u00e4rk on edendada k\u00f5rgeimat kvaliteeti k\u00f5igis visuaalse ajakirjanduse vormides ning suurendada \u00fchiskonna usaldust kutsealasse. \u00dchtlasi on see harivaks abivahendiks nii elukutselistele kui ka nendele, kes huvituvad fotoajakirjandusest.<\/p>\n<p><strong>Eetikakoodeks<\/strong><\/p>\n<p>1. Ole hoolikas ja laiahaardeline. V\u00e4ldi stereot\u00fcpiseerimist. P\u00fc\u00fcdle vaatenurkade mitmekesisuse poole.<\/p>\n<p>2. \u00c4ra v\u00f5ta vastu kingitusi, teeneid v\u00f5i kompensatsioone nendelt, kes v\u00f5ivad p\u00fc\u00fcda m\u00f5jutada fotode sisu. Taotle loomingulist s\u00f5ltumatust.<\/p>\n<p>3. T\u00f6\u00f6tlemise k\u00e4igus s\u00e4ilita foto sisu ja konteksti terviklikkus. \u00c4ra manipuleeri pilte selliselt, et see vaatajat eksitaks v\u00f5i esitaks subjekte v\u00e4\u00e4riti. Samuti v\u00e4ldi piltide t\u00f6\u00f6tlemist arvuti v\u00f5i muude vahenditega viisil, mis muudab fotol pildistamise hetke reaalsust. Kui see on m\u00f6\u00f6dap\u00e4\u00e4smatu v\u00f5i kunstiliselt vajalik, siis viita sellele foto allkirjas.<\/p>\n<p>4. Toimetades v\u00e4ldi ebat\u00e4pse ja moonutava info avaldamist foto kirjelduses ja fotoallkirjas. Eksliku info avaldamisega kaasneb toimetusel kohustus see esimesel v\u00f5imalusel parandada.<\/p>\n<p>5. Kohtle pildistatavaid austuse ja v\u00e4\u00e4rikusega.<\/p>\n<p>6. P\u00fc\u00fca olla pealet\u00fckkimatu. Austa inimese \u00f5igust otsustada oma eraelu piiride \u00fcle v.a. juhul kui oled veendunud, et on \u00fclekaalukas avalikkuse vajadus avalikustamiseks.<\/p>\n<p>7. Fotografeerides inimesi, teata neile v\u00f5imaluse korral, kuidas fotot kasutatakse; samas v\u00e4ldi katteta lubaduste andmist.<\/p>\n<p>8. N\u00e4ita \u00fcles hoolivust haavatavate subjektide suhtes; austa nende v\u00e4\u00e4rikust, kes pole harjunud ajakirjandusega suhtlema v\u00f5i kes ei saa end kaitsta.<\/p>\n<p>9. Arvesta kuriteos v\u00f5i traagilises s\u00fcndmuses kannatanute ja osalenute vajadusega olla avalikkuse eest kaitstud. J\u00e4\u00e4dvusta isiklikke leinahetki ainult siis, kui \u00fchiskonnal on \u00fclekaalukas \u00f5igustatud vajadus seda n\u00e4ha.<\/p>\n<p>10. Hoia fotodel j\u00e4\u00e4dvustatu osas lubatud konfidentsiaalsust.<\/p>\n<p>11. Fotografeerides \u00e4ra aita s\u00fcndmuste k\u00e4igule teadlikult kaasa, v\u00e4lja arvatud juhtudel, kui tegemist on moefoto v\u00f5i muu lavastusliku \u017eanriga.<\/p>\n<p>12. \u00c4ra maksa allikatele v\u00f5i subjektidele informatsiooni v\u00f5i osav\u00f5tu eest.<\/p>\n<p>13. Suheldes ametikaaslastega l\u00e4htu vastastikuse toetuse ja abistamise printsiibist v.a. juhul, kui abistamine t\u00f6\u00f6tab vastu professionaalsetele p\u00f5hiv\u00e4\u00e4rtustele.<\/p>\n<p>14. V\u00e4ldi poliitilisi ja \u00e4rilisi kallutavaid m\u00f5jureid, mis kompromiteeriks v\u00f5i seaks kahtluse alla sinu ajakirjandusliku s\u00f5ltumatuse.<\/p>\n<p>15. Seisa \u00fchiskonna toimingute avalikkuse ja toimuvale ligip\u00e4\u00e4su eest.<\/p>\n<p>16. Puutudes kokku olukordadega, mil \u00f5ige tegutsemisviis ei ole selge, m\u00f5tle, kus on konflikt sinu isiklike ja professionaalsete v\u00e4\u00e4rtuste vahel ning millised v\u00f5ivad olla sinu teo tagaj\u00e4rjed sulle endale, asjaosalistele ja \u00fchiskonnale.<\/p>\n<p>September, 2011.<\/p>\n<p><em>Eetikakoodeksi v\u00e4ljat\u00f6\u00f6tamisel osalesid:<br \/>\nHalliki Harro-Loit, Tartu \u00dclikooli ajakirjanduse ja kommunikatsiooni instituudi juhataja<br \/>\nVahur Kalmre, Tartu Postimehe vanemtoimetaja, ajakirjanik, ajalehedisaini konsultant<br \/>\nMart Raudsaar, Eesti Ajalehtede Liidu tegevjuht, ajakirjanduse \u00f5ppej\u00f5ud.<br \/>\nRaigo Pajula, Eesti Pressifotograafide Liidu juhatuse aseesimees, Postimehe fototoimetuse juht, fotoajakirjanik<br \/>\nErik Prozes, Eesti Pressifotograafide Liidu juhatuse esimees, \u00c4rip\u00e4eva fotoajakirjanik<br \/>\n<\/em><\/p>\n","protected":false},"excerpt":{"rendered":"<p>Selgitus eetikakoodeksile. Eesti Pressifotograafide Liit (EPFL) on kutseline \u00fching, mille eesm\u00e4rgiks on k\u00f5rgeimate standardite edendamine fotoajakirjanduses. EPFL l\u00e4htub ja huvitub iga inimese vajadusest olla teadlik \u00fchiskondlikest s\u00fcndmustest ning osa maailmast, milles me elame. Pressifotograafid tegutsevad \u00fchiskonna usaldusisikutena. Meie esmane roll on esitada visuaalselt meie \u00fchise maailma t\u00e4htsaid s\u00fcndmuseid ning erinevaid vaatepunkte. Meie esmane eesm\u00e4rk on [&hellip;]<\/p>\n","protected":false},"author":8,"featured_media":0,"parent":0,"menu_order":0,"comment_status":"closed","ping_status":"closed","template":"","meta":{"_acf_changed":false,"footnotes":""},"class_list":["post-184","page","type-page","status-publish","hentry"],"acf":[],"jetpack_shortlink":"https:\/\/wp.me\/P3dWMc-2Y","jetpack_sharing_enabled":true,"_links":{"self":[{"href":"https:\/\/www.epfl.ee\/wordpress\/wp-json\/wp\/v2\/pages\/184","targetHints":{"allow":["GET"]}}],"collection":[{"href":"https:\/\/www.epfl.ee\/wordpress\/wp-json\/wp\/v2\/pages"}],"about":[{"href":"https:\/\/www.epfl.ee\/wordpress\/wp-json\/wp\/v2\/types\/page"}],"author":[{"embeddable":true,"href":"https:\/\/www.epfl.ee\/wordpress\/wp-json\/wp\/v2\/users\/8"}],"replies":[{"embeddable":true,"href":"https:\/\/www.epfl.ee\/wordpress\/wp-json\/wp\/v2\/comments?post=184"}],"version-history":[{"count":26,"href":"https:\/\/www.epfl.ee\/wordpress\/wp-json\/wp\/v2\/pages\/184\/revisions"}],"predecessor-version":[{"id":4001,"href":"https:\/\/www.epfl.ee\/wordpress\/wp-json\/wp\/v2\/pages\/184\/revisions\/4001"}],"wp:attachment":[{"href":"https:\/\/www.epfl.ee\/wordpress\/wp-json\/wp\/v2\/media?parent=184"}],"curies":[{"name":"wp","href":"https:\/\/api.w.org\/{rel}","templated":true}]}}